{"id":1111475,"date":"2021-10-25T14:04:59","date_gmt":"2021-10-25T13:04:59","guid":{"rendered":"https:\/\/www.prilux.es\/product\/led-pad-avant-37w-840-ip66-100-240v\/"},"modified":"2024-08-27T11:44:08","modified_gmt":"2024-08-27T10:44:08","slug":"led-pad-avant-37w-840-ip66-100-240v","status":"publish","type":"product","link":"https:\/\/prilux.es\/pt-pt\/produto\/led-pad-avant-37w-840-ip66-100-240v\/","title":{"rendered":"LED PAD AVANT 37W 840 IP66 100-240V"},"content":{"rendered":"<p>A lumin\u00e1ria LED Pad AVANT, 40W, \u00e9 uma lumin\u00e1ria da gama LED Decorativa Exterior da Prilux e \u00e9 a lumin\u00e1ria perfeita para design e ilumina\u00e7\u00e3o subtil em espa\u00e7os exteriores como jardins, terra\u00e7os ou fachadas. Eficaz, eficiente e resistente, a LED Pad AVANT \u00e9 uma lumin\u00e1ria adequada para decorar e iluminar espa\u00e7os exteriores ao ar livre, gra\u00e7as \u00e0 sua qualidade de ilumina\u00e7\u00e3o e ao seu elevado n\u00edvel de protec\u00e7\u00e3o IP66 e IK09. \u00c9 montado na superf\u00edcie, numa parede vertical. A lumin\u00e1ria, em forma de tira rectangular, apresenta corpo em alum\u00ednio na cor cinzento RAL 9007 e difusor em metacrilato (PMMA). Possui dois clipes de fixa\u00e7\u00e3o para montagem. Economia de consumo, tem vida \u00fatil de L70&gt; 30.000h. A instala\u00e7\u00e3o do AVANT LED Pad proporciona ampla economia de energia e boa luminosidade, pois, com seus 18 LEDs, possui uma pot\u00eancia de LED de 40W e um fluxo luminoso de LED de 2.954 lumens. Equipado com 4.000K l\u00e2mpadas LED e tom de luz neutro. O \u00e2ngulo de feixe do feixe AVANT do LED Pad \u00e9 de 42 \u00b0. A qualidade da ilumina\u00e7\u00e3o desta lumin\u00e1ria para exterior inclui um \u00edndice de reprodu\u00e7\u00e3o de cor Ra&gt; 80, que garante uma reprodu\u00e7\u00e3o fiel das cores dos objetos iluminados. A almofada LED AVANT tem dimens\u00f5es de 960 x 88 x 102 mm.<\/p>\n","protected":false},"excerpt":{"rendered":"<p>A lumin\u00e1ria LED Pad AVANT, 40W, \u00e9 uma lumin\u00e1ria da gama LED Decorativa Exterior da Prilux e \u00e9 a lumin\u00e1ria perfeita para design e ilumina\u00e7\u00e3o subtil em espa\u00e7os exteriores como jardins, terra\u00e7os ou fachadas. Eficaz, eficiente e resistente, a LED Pad AVANT \u00e9 uma lumin\u00e1ria adequada para decorar e iluminar espa\u00e7os exteriores ao ar livre, gra\u00e7as \u00e0 sua qualidade de ilumina\u00e7\u00e3o e ao seu elevado n\u00edvel de protec\u00e7\u00e3o IP66 e IK09. \u00c9 montado na superf\u00edcie, numa parede vertical. A lumin\u00e1ria, em forma de tira rectangular, apresenta corpo em alum\u00ednio na cor cinzento RAL 9007 e difusor em metacrilato (PMMA). Possui dois clipes de fixa\u00e7\u00e3o para montagem. Economia de consumo, tem vida \u00fatil de L70&gt; 30.000h. A instala\u00e7\u00e3o do AVANT LED Pad proporciona ampla economia de energia e boa luminosidade, pois, com seus 18 LEDs, possui uma pot\u00eancia de LED de 40W e um fluxo luminoso de LED de 2.954 lumens. Equipado com 4.000K l\u00e2mpadas LED e tom de luz neutro. O \u00e2ngulo de feixe do feixe AVANT do LED Pad \u00e9 de 42 \u00b0. A qualidade da ilumina\u00e7\u00e3o desta lumin\u00e1ria para exterior inclui um \u00edndice de reprodu\u00e7\u00e3o de cor Ra&gt; 80, que garante uma reprodu\u00e7\u00e3o fiel das cores dos objetos iluminados. A almofada LED AVANT tem dimens\u00f5es de 960 x 88 x 102 mm.<\/p>\n","protected":false},"featured_media":51017,"template":"","meta":[],"product_cat":[15],"product_tag":[],"familia":[],"acf":[],"_links":{"self":[{"href":"https:\/\/prilux.es\/pt-pt\/wp-json\/wp\/v2\/product\/1111475"}],"collection":[{"href":"https:\/\/prilux.es\/pt-pt\/wp-json\/wp\/v2\/product"}],"about":[{"href":"https:\/\/prilux.es\/pt-pt\/wp-json\/wp\/v2\/types\/product"}],"version-history":[{"count":0,"href":"https:\/\/prilux.es\/pt-pt\/wp-json\/wp\/v2\/product\/1111475\/revisions"}],"wp:featuredmedia":[{"embeddable":true,"href":"https:\/\/prilux.es\/pt-pt\/wp-json\/wp\/v2\/media\/51017"}],"wp:attachment":[{"href":"https:\/\/prilux.es\/pt-pt\/wp-json\/wp\/v2\/media?parent=1111475"}],"wp:term":[{"taxonomy":"product_cat","embeddable":true,"href":"https:\/\/prilux.es\/pt-pt\/wp-json\/wp\/v2\/product_cat?post=1111475"},{"taxonomy":"product_tag","embeddable":true,"href":"https:\/\/prilux.es\/pt-pt\/wp-json\/wp\/v2\/product_tag?post=1111475"},{"taxonomy":"familia","embeddable":true,"href":"https:\/\/prilux.es\/pt-pt\/wp-json\/wp\/v2\/familia?post=1111475"}],"curies":[{"name":"wp","href":"https:\/\/api.w.org\/{rel}","templated":true}]}}

<p>A luminária LED Pad AVANT, 40W, é uma luminária da gama LED Decorativa Exterior da Prilux e é a luminária perfeita para design e iluminação subtil em espaços exteriores como jardins, terraços ou fachadas. Eficaz, eficiente e resistente, a LED Pad AVANT é uma luminária adequada para decorar e iluminar espaços exteriores ao ar livre, graças à sua qualidade de iluminação e ao seu elevado nível de protecção IP66 e IK09. É montado na superfície, numa parede vertical. A luminária, em forma de tira rectangular, apresenta corpo em alumínio na cor cinzento RAL 9007 e difusor em metacrilato (PMMA). Possui dois clipes de fixação para montagem. Economia de consumo, tem vida útil de L70&gt; 30.000h. A instalação do AVANT LED Pad proporciona ampla economia de energia e boa luminosidade, pois, com seus 18 LEDs, possui uma potência de LED de 40W e um fluxo luminoso de LED de 2.954 lumens. Equipado com 4.000K lâmpadas LED e tom de luz neutro. O ângulo de feixe do feixe AVANT do LED Pad é de 42 °. A qualidade da iluminação desta luminária para exterior inclui um índice de reprodução de cor Ra&gt; 80, que garante uma reprodução fiel das cores dos objetos iluminados. A almofada LED AVANT tem dimensões de 960 x 88 x 102 mm.</p>
